atest common factor of 49 and 13407919?
49
Calculate the highest common factor of 1161 and 5069313.
387
What is the highest common factor of 4585 and 24524117?
131
What is the highest common divisor of 10809699 and 2785?
557
Calculate the greatest common divisor of 2751 and 24381720.
393
What is the highest common factor of 17292 and 1882732?
524
Calculate the highest common factor of 1268 and 85452739.
317
Calculate the greatest common divisor of 11865 and 6887237.
791
What is the greatest common divisor of 1702 and 753320?
74
Calculate the highest common divisor of 68131623 and 987.
987
What is the greatest common divisor of 42480726 and 6470?
1294
What is the highest common factor of 3551 and 2789390?
53
What is the greatest common factor of 5161590 and 330750?
1890
What is the greatest common factor of 11761008 and 8?
8
Calculate the greatest common divisor of 1292 and 18428.
68
What is the highest common divisor of 119471387 and 203?
203
What is the highest common factor of 1688 and 539464?
8
Calculate the greatest common factor of 136085 and 2924.
17
Calculate the greatest common factor of 1122 and 12281259.
51
What is the highest common divisor of 35814 and 13224954?
282
Calculate the greatest common factor of 4368084 and 70.
14
Calculate the highest common factor of 16070 and 64270.
10
What is the greatest common factor of 61747702 and 3?
1
Calculate the greatest common divisor of 17019520 and 35.
35
Calculate the highest common factor of 46380 and 42628631.
773
What is the greatest common factor of 9106532 and 329?
47
What is the greatest common divisor of 4803372 and 12448?
1556
Calculate the highest common factor of 1073 and 818773.
37
Calculate the greatest common factor of 150162 and 28362.
174
What is the highest common divisor of 36 and 21065868?
36
What is the greatest common divisor of 15 and 97979535?
15
Calculate the highest common divisor of 700 and 39050060.
140
Calculate the highest common factor of 134 and 39111049.
67
What is the highest common factor of 6909 and 27882609?
141
What is the highest common divisor of 7906660 and 475?
95
Calculate the greatest common factor of 1161181 and 1057.
7
What is the greatest common divisor of 87 and 142096114?
29
Calculate the highest common divisor of 2694872 and 75112.
1832
What is the highest common divisor of 1246815 and 365571?
2421
Calculate the highest common divisor of 7960 and 64760.
40
Calculate the greatest common factor of 12020 and 4512308.
2404
Calculate the greatest common factor of 77972279 and 2541.
847
What is the greatest common factor of 26 and 99502858?
26
What is the greatest common divisor of 9472639 and 33?
11
Calculate the greatest common factor of 322064 and 240.
16
What is the highest common factor of 1659 and 44643137?
553
Calculate the highest common factor of 776207044 and 604.
604
Calculate the highest common factor of 2816 and 31112.
8
Calculate the greatest common divisor of 619752 and 27479004.
9996
What is the highest common divisor of 72311486 and 377?
13
What is the highest common divisor of 987 and 5201161?
329
What is the greatest common factor of 25100 and 13772872?
1004
What is the highest common factor of 388365 and 2426139?
4569
Calculate the highest common factor of 46589102 and 1729.
133
Calculate the highest common factor of 40822735 and 15325.
3065
What is the greatest common divisor of 8630520 and 479067?
3657
What is the greatest common divisor of 46 and 35470853?
23
What is the highest common divisor of 116 and 63368?
4
What is the greatest common divisor of 45252 and 31869?
9
Calculate the greatest common divisor of 836 and 24062018.
38
Calculate the highest common divisor of 698 and 13803299.
349
Calculate the greatest common factor of 36 and 10862736.
12
Calculate the greatest common factor of 3222872 and 208.
8
Calculate the highest common factor of 558 and 267530.
62
What is the greatest common factor of 572 and 2708684?
44
What is the highest common factor of 456908040 and 11340?
1620
Calculate the greatest common divisor of 1002540 and 5280.
660
What is the greatest common factor of 7455 and 8283570?
1065
What is the highest common factor of 6263440 and 896800?
4720
Calculate the highest common factor of 2510100 and 82800.
900
What is the greatest common divisor of 7936 and 39582464?
256
Calculate the highest common factor of 6876929 and 233593.
1223
Calculate the greatest common divisor of 88 and 39860656.
88
What is the greatest common divisor of 15930 and 4385529?
1593
Calculate the greatest common factor of 8 and 841877368.
8
Calculate the highest common factor of 416055 and 15.
15
What is the highest common factor of 287945 and 5320?
665
What is the greatest common factor of 5202234 and 496?
62
Calculate the greatest common factor of 4352 and 2604944.
272
What is the greatest common factor of 216 and 171484?
4
What is the greatest common divisor of 12060435 and 3525?
705
Calculate the greatest common factor of 10588240 and 96.
16
Calculate the greatest common factor of 986 and 50839146.
986
Calculate the highest common factor of 376725 and 2775.
75
What is the highest common divisor of 120 and 76548?
12
What is the greatest common factor of 3418612019 and 1322?
661
What is the greatest common factor of 528 and 139254324?
132
Calculate the highest common divisor of 7686 and 67337046.
7686
What is the greatest common factor of 14335 and 70508131?
2867
What is the greatest common factor of 15501682 and 342?
38
What is the greatest common factor of 340 and 4727340?
20
What is the greatest common divisor of 25852813 and 14?
7
What is the highest common factor of 136502 and 916476?
262
What is the greatest common factor of 250315918 and 38?
38
Calculate the highest common factor of 4068 and 28832967.
1017
Calculate the greatest common factor of 866116 and 579127.
271
Calculate the greatest common divisor of 912537 and 416601.
369
What is the greatest common factor of 3329256 and 912?
456
Calculate the greatest common factor of 49560006 and 1335.
267
What is the greatest common divisor of 2577082400 and 400?
400
What is the greatest common divisor of 710 and 12912060?
710
What is the highest common factor of 104619003 and 68?
17
Calculate the greatest common divisor of 79172775 and 59400.
7425
Calculate the highest common divisor of 39 and 105479634.
39
What is the greatest common divisor of 44520 and 17675?
35
Calculate the greatest common factor of 43035 and 2351155.
95
Calculate the greatest common factor of 3304256 and 8416.
32
What is the greatest common divisor of 24 and 145207800?
24
What is the highest common divisor of 2944048 and 128?
16
Calculate the greatest common divisor of 131 and 484888378.
131
What is the highest common divisor of 389465 and 15?
5
What is the highest common factor of 39488265 and 15345?
1395
Calculate the highest common factor of 5468089 and 69.
23
Calculate the highest common divisor of 1245825 and 3458175.
3675
Calculate the greatest common factor of 23637982 and 4.
2
What is the highest common factor of 126392364 and 1428?
84
Calculate the highest common factor of 235827 and 396.
9
What is the highest common factor of 1007276 and 12020?
2404
Calculate the highest common divisor of 4 and 10346812.
4
Calculate the highest common factor of 192 and 1600832.
64
What is the highest common divisor of 11420 and 323740?
20
What is the highest common factor of 282342 and 147?
3
What is the greatest common factor of 1089954 and 285?
57
Calculate the highest common factor of 12220680 and 480.
120
What is the highest common divisor of 28 and 32076086?
14
What is the greatest common divisor of 38545 and 82121605?
2965
Calculate the greatest common factor of 38692300 and 506300.
6100
Calculate the highest common divisor of 58669635 and 15.
15
What is the greatest common divisor of 434 and 18436026?
14
What is the highest common divisor of 2784 and 973152?
96
What is the highest common divisor of 1304 and 8154238?
326
Calculate the highest common divisor of 71632 and 49210.
74
Calculate the highest common divisor of 117878 and 397018.
34
What is the highest common factor of 8108 and 520091714?
4054
Calculate the greatest common factor of 37493787 and 372.
93
What is the greatest common divisor of 63196